the highest common factor of 94557 and 140739?
129
What is the greatest common factor of 656 and 311920?
16
Calculate the greatest common factor of 80 and 2938760.
40
Calculate the highest common factor of 77 and 2071839.
77
Calculate the highest common factor of 9918 and 2401923.
57
What is the greatest common divisor of 13082383 and 2617?
2617
Calculate the highest common divisor of 170126 and 704406.
1406
What is the highest common factor of 97875 and 3788125?
3625
Calculate the greatest common factor of 1332 and 3240.
36
What is the greatest common factor of 20592 and 38841?
33
Calculate the highest common factor of 3931875 and 456680.
1165
Calculate the greatest common divisor of 357712 and 37288.
632
Calculate the highest common divisor of 1368 and 12117744.
1368
Calculate the greatest common divisor of 408 and 74436438.
102
Calculate the highest common divisor of 679 and 206591.
7
What is the greatest common factor of 317439 and 3954271?
3919
What is the greatest common divisor of 13557267 and 3753?
27
What is the highest common factor of 21236891 and 20553?
403
What is the highest common factor of 9268 and 23727404?
1324
Calculate the highest common factor of 376618 and 1346587.
3553
What is the highest common divisor of 1620 and 3519288?
324
What is the greatest common factor of 12954262 and 326?
326
Calculate the highest common factor of 4995 and 72049545.
1665
Calculate the highest common factor of 732147 and 312.
39
Calculate the greatest common factor of 597 and 413120816.
199
What is the highest common factor of 8912 and 770304?
16
What is the highest common divisor of 153 and 127722717?
153
Calculate the highest common divisor of 160468958 and 52.
26
Calculate the highest common divisor of 23335831 and 331.
331
What is the greatest common factor of 1540130 and 3061620?
2330
Calculate the highest common divisor of 55198057 and 39430.
3943
What is the highest common factor of 44022 and 383757?
957
Calculate the highest common factor of 290814 and 869022.
114
What is the greatest common divisor of 41938742 and 146476?
6658
What is the highest common divisor of 532455 and 35805?
1155
What is the highest common divisor of 34144 and 1693120?
352
Calculate the greatest common divisor of 3248 and 412844.
116
What is the highest common divisor of 204514 and 375626?
586
What is the highest common factor of 300 and 63651300?
300
What is the highest common factor of 6379074 and 1223586?
2106
What is the greatest common divisor of 1510 and 33116565?
755
Calculate the greatest common divisor of 152065493 and 304.
19
Calculate the greatest common divisor of 15862 and 73660244.
1442
Calculate the highest common divisor of 881022 and 606.
6
Calculate the highest common factor of 42 and 65035200.
6
What is the greatest common factor of 581467 and 372?
31
What is the highest common divisor of 60 and 195908328?
12
What is the highest common factor of 258 and 645393536?
86
Calculate the highest common factor of 6203122 and 1068.
178
Calculate the highest common divisor of 2288 and 779080016.
2288
Calculate the highest common divisor of 42 and 2098712.
14
Calculate the highest common factor of 12384 and 1124.
4
Calculate the greatest common divisor of 4212 and 46458.
18
Calculate the greatest common divisor of 840 and 445545.
15
What is the highest common divisor of 89002746 and 35427?
5061
Calculate the greatest common factor of 30799 and 28367500.
1621
Calculate the highest common factor of 60928 and 2261504.
3584
What is the greatest common factor of 900 and 5669390?
10
Calculate the highest common divisor of 15377644 and 148.
148
Calculate the greatest common factor of 53533 and 45849306.
1139
What is the greatest common divisor of 268 and 601525732?
268
Calculate the highest common divisor of 10089 and 328781453.
1121
What is the greatest common factor of 234459 and 90?
9
Calculate the highest common divisor of 249 and 6253392972.
249
What is the greatest common factor of 6066540 and 9?
9
What is the greatest common divisor of 927 and 463483?
1
Calculate the highest common factor of 30 and 554395470.
30
What is the greatest common divisor of 55476 and 154368?
2412
Calculate the highest common factor of 18110215 and 10.
5
Calculate the greatest common factor of 420 and 515060.
140
What is the greatest common factor of 154 and 802934?
22
What is the greatest common factor of 192234 and 1161165?
597
Calculate the highest common factor of 88 and 1325320.
8
What is the highest common divisor of 9437737 and 51?
17
Calculate the highest common factor of 123 and 244449093.
123
What is the highest common divisor of 551281380 and 3380?
3380
Calculate the highest common factor of 999 and 38443.
37
Calculate the highest common divisor of 670557 and 140187.
249
What is the highest common divisor of 1602268 and 229484?
412
Calculate the greatest common factor of 141463720 and 3560.
3560
Calculate the highest common divisor of 922452 and 1308.
12
What is the greatest common divisor of 37457 and 553?
7
Calculate the greatest common factor of 502918 and 10643.
29
Calculate the greatest common factor of 532275 and 36096.
141
Calculate the greatest common divisor of 44601725 and 200.
25
Calculate the greatest common factor of 328945 and 1285.
5
What is the greatest common factor of 260658350 and 25?
25
Calculate the highest common divisor of 2327027 and 1.
1
What is the highest common factor of 5691 and 31014053?
1897
Calculate the highest common divisor of 1674 and 18947169.
837
What is the greatest common factor of 3 and 9378006?
3
Calculate the greatest common factor of 72 and 7097556.
12
What is the highest common factor of 27846 and 5317?
13
Calculate the greatest common factor of 642405436 and 372.
124
What is the greatest common divisor of 426238 and 10?
2
Calculate the highest common factor of 695125 and 33749875.
10375
Calculate the greatest common divisor of 2533 and 51085.
17
What is the highest common factor of 76958 and 80914?
46
What is the greatest common factor of 61440 and 18960?
240
What is the highest common divisor of 21470351 and 1876?
469
Calculate the highest common divisor of 301 and 9357273.
43
Calculate the highest common factor of 5519 and 3.
1
What is the highest common divisor of 20505 and 71287683?
4101
Calculate the highest common factor of 1817 and 82202660.
79
What is the highest common divisor of 76 and 283887816?
76
What is the highest common factor of 36 and 6149016?
36
Calculate the highest common divisor of 182 and 716833.
13
What is the highest common factor of 92 and 598902727?
23
What is the highest common factor of 276524 and 9782?
146
Calculate the greatest common divisor of 100978 and 23902189.
1741
Calculate the highest common factor of 171904 and 177344.
1088
Calculate the highest common factor of 109 and 85178377.
109
What is the greatest common factor of 12526999 and 5090?
509
What is the highest common divisor of 335788 and 589280?
508
What is the highest common divisor of 1125 and 38373875?
125
What is the greatest common divisor of 35131565 and 32975?
6595
Calculate the highest common factor of 98743 and 103702.
19
Calculate the greatest common divisor of 10400 and 10392512.
416
What is the greatest common factor of 398132 and 392?
28
Calculate the greatest common divisor of 2220447 and 2613.
201
Calculate the greatest common factor of 36822880 and 1120.
160
What is the greatest common divisor of 34644395 and 401?
401
What is the highest common factor of 62686050 and 1315?
1315
What is the highest common divisor of 82256198 and 23872?
746
Calculate the highest common factor of 24200528 and 1824.
304
What is the highest common factor of 83360 and 1007093?
521
Calculate the highest common divisor of 27269993 and 695.
139
Calculate the greatest common divisor of 122858 and 304.
2
Calculate the highest common factor of 80 and 7724160.
80
What is the greatest common divisor of 828 and 2312397?
207
What is the greatest common factor of 4481 and 309511632?
4481
What is the greatest common divisor of 414 and 1017152?
46
Calculate the highest common factor of 6771587 and 478.
239
Calculate the greatest common divisor of 240 and 100699230.
30
What is the highest common divisor of 24570 and 3479840?
910
Calculate the hi